
{"id":46446,"date":"2024-03-22T16:08:14","date_gmt":"2024-03-22T15:08:14","guid":{"rendered":"https:\/\/smartbe.be\/?page_id=46446"},"modified":"2025-11-20T18:49:58","modified_gmt":"2025-11-20T17:49:58","slug":"gembloux-smart-dans-le-projet-de-territoire-zero-chomage","status":"publish","type":"page","link":"https:\/\/smartbe.be\/fr\/gembloux-smart-dans-le-projet-de-territoire-zero-chomage\/","title":{"rendered":"Gembloux: la part de Smart dans le projet T.R.E.S."},"content":{"rendered":"<p><strong>Smart est fi\u00e8re d\u2019\u00eatre partie prenante au projet de Territoires de R\u00e9paration par l&rsquo;Economie Sociale *Objectif Emploi Gembloux*.<\/strong><\/p>\n<p><a href=\"https:\/\/www.objectifemploigembloux.be\/\"><img loading=\"lazy\" decoding=\"async\" class=\"aligncenter wp-image-48992 size-full\" src=\"https:\/\/smartbe.be\/wp-content\/uploads\/2025\/11\/objectifemploigembloux-500.jpg\" alt=\"\" width=\"500\" height=\"158\" srcset=\"https:\/\/smartbe.be\/wp-content\/uploads\/2025\/11\/objectifemploigembloux-500.jpg 500w, https:\/\/smartbe.be\/wp-content\/uploads\/2025\/11\/objectifemploigembloux-500-300x95.jpg 300w, https:\/\/smartbe.be\/wp-content\/uploads\/2025\/11\/objectifemploigembloux-500-290x92.jpg 290w\" sizes=\"auto, (max-width: 500px) 100vw, 500px\" \/><\/a><\/p>\n<p>Il s\u2019agit d\u2019un projet pilote de r\u00e9insertion socio-professionnelle financ\u00e9 par le Fonds social Europ\u00e9en et la R\u00e9gion Wallonne, \u00e0 concurrence de 3.437.748,97 \u20ac.<\/p>\n<p>La philosophie du projet est de centrer toute son \u00e9nergie et ses ressources sur deux aspects:<\/p>\n<ol>\n<li><strong>les personnes priv\u00e9es d\u2019emploi depuis 2 ans au moins<\/strong> (quel que soit leur statut) et habitant le centre de Gembloux. Il s&rsquo;agit de les aider \u00e0 construire un emploi digne, correspondant \u00e0 leurs envies, qui favorise une reprise du travail adapt\u00e9e \u00e0 leurs contraintes et \u00e0 leur rythme.<\/li>\n<li><strong> le centre de Gembloux et sa dynamique.<\/strong>\u00a0 Il s&rsquo;agit de cr\u00e9er des emplois qui r\u00e9pondent aux besoins de la population ou des commer\u00e7ants qui ne sont pas ou mal satisfaits; des emplois orient\u00e9s sur les m\u00e9tiers de demain, les circuits les plus courts, le service \u00e0 la personne et le d\u00e9veloppement durable.<\/li>\n<\/ol>\n<p>Le projet se veut participatif et collectif. Un Comit\u00e9 local pour l\u2019Emploi, ouvert \u00e0 tous et toutes, est mis en place pour garantir que l&rsquo;action r\u00e9ponde aux attentes des citoyen\u00b7nes et tienne compte des r\u00e9alit\u00e9s de chacun\u00b7e.<\/p>\n<h3>\u27a1 <a href=\"https:\/\/kronik.smart.coop\/lexpertise-de-smart-au-service-du-projet-objectif-emploi-gembloux\/\">Lisez l&rsquo;actualit\u00e9 2025 du projet sur Kronik<\/a><\/h3>\n<h3>\u27a1 En vid\u00e9o:<\/h3>\n<div class=\"video-container\"><iframe loading=\"lazy\" title=\"Objectif Emploi Gembloux - Novembre 2025\" width=\"584\" height=\"329\" src=\"https:\/\/www.youtube.com\/embed\/RxgsMLlb27M?feature=oembed\" frameborder=\"0\" allow=\"accelerometer; autoplay; clipboard-write; encrypted-media; gyroscope; picture-in-picture; web-share\" referrerpolicy=\"strict-origin-when-cross-origin\" allowfullscreen><\/iframe><\/div>\n<p>&nbsp;<\/p>\n<p>Pour plus d\u2019information, visitez le site internet du projet: <a href=\"http:\/\/www.objectifemploigembloux.be\">www.objectifemploigembloux.be<\/a><\/p>\n<p><a href=\"https:\/\/smartbe.be\/wp-content\/uploads\/2024\/03\/objectifemploigembloux-particip.jpg\"><img loading=\"lazy\" decoding=\"async\" class=\"alignnone size-large wp-image-46451\" src=\"https:\/\/smartbe.be\/wp-content\/uploads\/2024\/03\/objectifemploigembloux-particip-1024x335.jpg\" alt=\"\" width=\"584\" height=\"191\" srcset=\"https:\/\/smartbe.be\/wp-content\/uploads\/2024\/03\/objectifemploigembloux-particip-1024x335.jpg 1024w, https:\/\/smartbe.be\/wp-content\/uploads\/2024\/03\/objectifemploigembloux-particip-300x98.jpg 300w, https:\/\/smartbe.be\/wp-content\/uploads\/2024\/03\/objectifemploigembloux-particip-768x251.jpg 768w, https:\/\/smartbe.be\/wp-content\/uploads\/2024\/03\/objectifemploigembloux-particip-500x164.jpg 500w, https:\/\/smartbe.be\/wp-content\/uploads\/2024\/03\/objectifemploigembloux-particip-290x95.jpg 290w, https:\/\/smartbe.be\/wp-content\/uploads\/2024\/03\/objectifemploigembloux-particip.jpg 1478w\" sizes=\"auto, (max-width: 584px) 100vw, 584px\" \/><\/a><\/p>","protected":false},"excerpt":{"rendered":"<p>Smart est fi\u00e8re d\u2019\u00eatre partie prenante au projet de Territoires de R\u00e9paration par l&rsquo;Economie Sociale *Objectif Emploi Gembloux*. Il s\u2019agit d\u2019un projet pilote de r\u00e9insertion socio-professionnelle financ\u00e9 par le Fonds social Europ\u00e9en et la R\u00e9gion Wallonne, \u00e0 concurrence de 3.437.748,97 &hellip;<\/p>\n","protected":false},"author":13,"featured_media":0,"parent":0,"menu_order":0,"comment_status":"closed","ping_status":"closed","template":"","meta":{"footnotes":""},"tags":[],"class_list":["post-46446","page","type-page","status-publish","hentry"],"aioseo_notices":[],"_links":{"self":[{"href":"https:\/\/smartbe.be\/fr\/wp-json\/wp\/v2\/pages\/46446","targetHints":{"allow":["GET"]}}],"collection":[{"href":"https:\/\/smartbe.be\/fr\/wp-json\/wp\/v2\/pages"}],"about":[{"href":"https:\/\/smartbe.be\/fr\/wp-json\/wp\/v2\/types\/page"}],"author":[{"embeddable":true,"href":"https:\/\/smartbe.be\/fr\/wp-json\/wp\/v2\/users\/13"}],"replies":[{"embeddable":true,"href":"https:\/\/smartbe.be\/fr\/wp-json\/wp\/v2\/comments?post=46446"}],"version-history":[{"count":16,"href":"https:\/\/smartbe.be\/fr\/wp-json\/wp\/v2\/pages\/46446\/revisions"}],"predecessor-version":[{"id":49001,"href":"https:\/\/smartbe.be\/fr\/wp-json\/wp\/v2\/pages\/46446\/revisions\/49001"}],"wp:attachment":[{"href":"https:\/\/smartbe.be\/fr\/wp-json\/wp\/v2\/media?parent=46446"}],"wp:term":[{"taxonomy":"post_tag","embeddable":true,"href":"https:\/\/smartbe.be\/fr\/wp-json\/wp\/v2\/tags?post=46446"}],"curies":[{"name":"wp","href":"https:\/\/api.w.org\/{rel}","templated":true}]}}

<p><strong>Smart est fière d’être partie prenante au projet de Territoires de Réparation par l&rsquo;Economie Sociale *Objectif Emploi Gembloux*.</strong></p>
<p><a href="https://www.objectifemploigembloux.be/"><img loading="lazy" decoding="async" class="aligncenter wp-image-48992 size-full" src="https://smartbe.be/wp-content/uploads/2025/11/objectifemploigembloux-500.jpg" alt="" width="500" height="158" srcset="https://smartbe.be/wp-content/uploads/2025/11/objectifemploigembloux-500.jpg 500w, https://smartbe.be/wp-content/uploads/2025/11/objectifemploigembloux-500-300x95.jpg 300w, https://smartbe.be/wp-content/uploads/2025/11/objectifemploigembloux-500-290x92.jpg 290w" sizes="auto, (max-width: 500px) 100vw, 500px" /></a></p>
<p>Il s’agit d’un projet pilote de réinsertion socio-professionnelle financé par le Fonds social Européen et la Région Wallonne, à concurrence de 3.437.748,97 €.</p>
<p>La philosophie du projet est de centrer toute son énergie et ses ressources sur deux aspects:</p>
<ol>
<li><strong>les personnes privées d’emploi depuis 2 ans au moins</strong> (quel que soit leur statut) et habitant le centre de Gembloux. Il s&rsquo;agit de les aider à construire un emploi digne, correspondant à leurs envies, qui favorise une reprise du travail adaptée à leurs contraintes et à leur rythme.</li>
<li><strong> le centre de Gembloux et sa dynamique.</strong>  Il s&rsquo;agit de créer des emplois qui répondent aux besoins de la population ou des commerçants qui ne sont pas ou mal satisfaits; des emplois orientés sur les métiers de demain, les circuits les plus courts, le service à la personne et le développement durable.</li>
</ol>
<p>Le projet se veut participatif et collectif. Un Comité local pour l’Emploi, ouvert à tous et toutes, est mis en place pour garantir que l&rsquo;action réponde aux attentes des citoyen·nes et tienne compte des réalités de chacun·e.</p>
<h3>➡ <a href="https://kronik.smart.coop/lexpertise-de-smart-au-service-du-projet-objectif-emploi-gembloux/">Lisez l&rsquo;actualité 2025 du projet sur Kronik</a></h3>
<h3>➡ En vidéo:</h3>
<div class="video-container"><iframe loading="lazy" title="Objectif Emploi Gembloux - Novembre 2025" width="584" height="329" src="https://www.youtube.com/embed/RxgsMLlb27M?feature=oembed" frameborder="0" allow="accelerometer; autoplay; clipboard-write; encrypted-media; gyroscope; picture-in-picture; web-share" referrerpolicy="strict-origin-when-cross-origin" allowfullscreen></iframe></div>
<p>&nbsp;</p>
<p>Pour plus d’information, visitez le site internet du projet: <a href="http://www.objectifemploigembloux.be">www.objectifemploigembloux.be</a></p>
<p><a href="https://smartbe.be/wp-content/uploads/2024/03/objectifemploigembloux-particip.jpg"><img loading="lazy" decoding="async" class="alignnone size-large wp-image-46451" src="https://smartbe.be/wp-content/uploads/2024/03/objectifemploigembloux-particip-1024x335.jpg" alt="" width="584" height="191" srcset="https://smartbe.be/wp-content/uploads/2024/03/objectifemploigembloux-particip-1024x335.jpg 1024w, https://smartbe.be/wp-content/uploads/2024/03/objectifemploigembloux-particip-300x98.jpg 300w, https://smartbe.be/wp-content/uploads/2024/03/objectifemploigembloux-particip-768x251.jpg 768w, https://smartbe.be/wp-content/uploads/2024/03/objectifemploigembloux-particip-500x164.jpg 500w, https://smartbe.be/wp-content/uploads/2024/03/objectifemploigembloux-particip-290x95.jpg 290w, https://smartbe.be/wp-content/uploads/2024/03/objectifemploigembloux-particip.jpg 1478w" sizes="auto, (max-width: 584px) 100vw, 584px" /></a></p>

<p>Smart est fière d’être partie prenante au projet de Territoires de Réparation par l&rsquo;Economie Sociale *Objectif Emploi Gembloux*. Il s’agit d’un projet pilote de réinsertion socio-professionnelle financé par le Fonds social Européen et la Région Wallonne, à concurrence de 3.437.748,97 &hellip;</p>
